{"id":122,"date":"2022-12-16T17:20:15","date_gmt":"2022-12-16T16:20:15","guid":{"rendered":"https:\/\/francoisemendras-coach.com\/?page_id=122"},"modified":"2022-12-17T01:12:12","modified_gmt":"2022-12-17T00:12:12","slug":"mon-parcours","status":"publish","type":"page","link":"https:\/\/francoisemendras-coach.com\/index.php\/mon-parcours\/","title":{"rendered":"Mon parcours"},"content":{"rendered":"<div class=\"wp-block-image\">\n<figure class=\"aligncenter size-full\"><img loading=\"lazy\" decoding=\"async\" width=\"800\" height=\"533\" src=\"https:\/\/francoisemendras-coach.com\/wp-content\/uploads\/2022\/12\/ballon_couchee.jpg\" alt=\"\" class=\"wp-image-44\" srcset=\"https:\/\/francoisemendras-coach.com\/wp-content\/uploads\/2022\/12\/ballon_couchee.jpg 800w, https:\/\/francoisemendras-coach.com\/wp-content\/uploads\/2022\/12\/ballon_couchee-300x200.jpg 300w, https:\/\/francoisemendras-coach.com\/wp-content\/uploads\/2022\/12\/ballon_couchee-768x512.jpg 768w\" sizes=\"auto, (max-width: 706px) 89vw, (max-width: 767px) 82vw, 740px\" \/><\/figure>\n<\/div>\n\n\n<h2 class=\"wp-block-heading\">Avant de devenir coach sportif&nbsp;?<\/h2>\n\n\n\n<p>Depuis l\u2019enfance, la joie de d\u00e9couvrir et partager mes apprentissages m\u2019ont naturellement port\u00e9e \u00e0 enseigner. Et d\u2019aussi loin que mes souvenirs m\u2019entra\u00eenent, la nature et les grands espaces ont donn\u00e9 un terrain privil\u00e9gi\u00e9 pour exprimer mon \u00e9nergie et sentir ma connexion au monde.<\/p>\n\n\n\n<p>Alpinisme, kayak de descente et parachutisme.<\/p>\n\n\n\n<p>De nombreuses courses en montagne ont renforc\u00e9 mon c\u0153ur et mes engagements, la comp\u00e9tition en kayak de descente a muscl\u00e9 mon corps et appris la rigueur de&nbsp;l\u2019entra\u00eenement, puis le parachutisme de loisir donn\u00e9 le go\u00fbt des voyages et la ma\u00eetrise du risque par la connaissance de ses propres limites.<\/p>\n\n\n\n<p>Le sport comme art de vivre donc, avec le cursus d\u2019\u00e9tude \u00e0 la DOUA \u00e0 Lyon pour un master en gestion et organisation du loisir sportif en 1986. Dipl\u00f4m\u00e9e d\u2019un brevet d\u2019\u00e9tat option \u00ab m\u00e9tiers de la forme&nbsp;\u00bb, j\u2019ai rapidement enseign\u00e9 le fitness et me suis form\u00e9e au contact des techniques am\u00e9ricaines des meilleurs professeurs du fitness mondial.<\/p>\n\n\n\n<p>Dix ann\u00e9es de \u00ab&nbsp;Gymnase club&nbsp;\u00bb plus tard, me voici responsable du recrutement et de la formation des professeurs de sept salles lyonnaises.<\/p>\n\n\n\n<p>Avec la cr\u00e9ation du premier studio de fitness Fit Studio avec Eva Winskill en 1990, vient la formation des professionnels et les workshops et master class internationaux.<\/p>\n\n\n\n<p>D\u00e9part dans le sud pour le soleil et maman marseillaise, la pr\u00e9paration \u00e0 la naissance et sa r\u00e9cup\u00e9ration mettent l\u2019accent sur l\u2019importance du p\u00e9rin\u00e9e et la sp\u00e9cificit\u00e9 des femmes dans le sport.<\/p>\n\n\n\n<p>Collaboration en tant que responsable technique avec Moving Marseille puis en 2000, je lance le coaching sportif individuel avec d\u00e9placement \u00e0 domicile et s\u00e9minaires en entreprise&nbsp;:<\/p>\n\n\n\n<ul class=\"wp-block-list\">\n<li>Sportifs et cadres de haut niveau&nbsp;: m\u00eame exigence, m\u00eame prise en charge.<\/li>\n\n\n\n<li>Gestion des risques physiques chez les chauffeurs routiers. (Bertchi)<\/li>\n\n\n\n<li>BTP et golf&nbsp;: performance individuelle et excellence de l\u2019\u00e9quipe.<\/li>\n<\/ul>\n\n\n\n<p>Mon int\u00e9r\u00eat se porte parall\u00e8lement vers une recherche d\u2019harmonie corps et esprit en plus d\u2019une grande connexion \u00e0 soi.<\/p>\n\n\n\n<blockquote class=\"wp-block-quote is-layout-flow wp-block-quote-is-layout-flow\">\n<h2 class=\"wp-block-heading\">Le coaching sportif OUI mais le bien-\u00eatre corporel avant tout\u2026<\/h2>\n<\/blockquote>\n\n\n\n<p>Je me forme au yoga, Chi gong et Pilates pour trouver un langage du corps commun \u00e0 l\u2019orient et l\u2019occident. Recherche de bien-\u00eatre spirituel et corporel au service de l\u2019humain.<\/p>\n\n\n\n<p>La d\u00e9finition de l\u2019accompagnement que je propose d\u00e9sormais, avec les massages californiens et Shiatsu, devient&nbsp;<strong>physique, mentale et \u00e9nerg\u00e9tique<\/strong>.<\/p>\n\n\n\n<p>L\u2019humain au centre du projet de changement vers l\u2019excellence, la version la meilleure de <\/p>\n","protected":false},"excerpt":{"rendered":"<p>Avant de devenir coach sportif&nbsp;? Depuis l\u2019enfance, la joie de d\u00e9couvrir et partager mes apprentissages m\u2019ont naturellement port\u00e9e \u00e0 enseigner. Et d\u2019aussi loin que mes souvenirs m\u2019entra\u00eenent, la nature et les grands espaces ont donn\u00e9 un terrain privil\u00e9gi\u00e9 pour exprimer mon \u00e9nergie et sentir ma connexion au monde. Alpinisme, kayak de descente et parachutisme. De &hellip; <\/p>\n<p class=\"link-more\"><a href=\"https:\/\/francoisemendras-coach.com\/index.php\/mon-parcours\/\" class=\"more-link\">Continuer la lecture<span class=\"screen-reader-text\"> de &laquo;&nbsp;Mon parcours&nbsp;&raquo;<\/span><\/a><\/p>\n","protected":false},"author":3,"featured_media":0,"parent":0,"menu_order":0,"comment_status":"closed","ping_status":"closed","template":"","meta":{"_vp_format_video_url":"","_vp_image_focal_point":[],"footnotes":""},"class_list":["post-122","page","type-page","status-publish","hentry"],"_links":{"self":[{"href":"https:\/\/francoisemendras-coach.com\/index.php\/wp-json\/wp\/v2\/pages\/122","targetHints":{"allow":["GET"]}}],"collection":[{"href":"https:\/\/francoisemendras-coach.com\/index.php\/wp-json\/wp\/v2\/pages"}],"about":[{"href":"https:\/\/francoisemendras-coach.com\/index.php\/wp-json\/wp\/v2\/types\/page"}],"author":[{"embeddable":true,"href":"https:\/\/francoisemendras-coach.com\/index.php\/wp-json\/wp\/v2\/users\/3"}],"replies":[{"embeddable":true,"href":"https:\/\/francoisemendras-coach.com\/index.php\/wp-json\/wp\/v2\/comments?post=122"}],"version-history":[{"count":2,"href":"https:\/\/francoisemendras-coach.com\/index.php\/wp-json\/wp\/v2\/pages\/122\/revisions"}],"predecessor-version":[{"id":140,"href":"https:\/\/francoisemendras-coach.com\/index.php\/wp-json\/wp\/v2\/pages\/122\/revisions\/140"}],"wp:attachment":[{"href":"https:\/\/francoisemendras-coach.com\/index.php\/wp-json\/wp\/v2\/media?parent=122"}],"curies":[{"name":"wp","href":"https:\/\/api.w.org\/{rel}","templated":true}]}}